{"id":13,"date":"2021-12-10T14:07:37","date_gmt":"2021-12-10T14:07:37","guid":{"rendered":"http:\/\/kanzleik2.de\/Kanzlei\/?page_id=13"},"modified":"2021-12-10T14:37:41","modified_gmt":"2021-12-10T14:37:41","slug":"gordon-kraemer","status":"publish","type":"page","link":"https:\/\/kanzleik2.de\/Kanzlei\/die-kanzlei\/gordon-kraemer\/","title":{"rendered":"Gordon Kr\u00e4mer"},"content":{"rendered":"<div class=\"left_col\">\n<p><span style=\"font-family: helvetica, arial, sans-serif; font-size: 12pt; color: #000000;\">Seine Mutter schenkte ihm 1967 das Leben. Gordon Kr\u00e4mer ist diesseits der Elbe geboren. Vor dem sp\u00e4teren Wehrdienst und dem Studium der Rechtswissenschaften, hat er einen Beruf gelernt und die Hochschulreife erworben. S\u00e4mtliche Schritte ist Gordon Kr\u00e4mer ohne Pause zu machen gegangen.<\/span><\/p>\n<p><span style=\"font-family: helvetica, arial, sans-serif; font-size: 12pt; color: #000000;\">Studiert hat er an der Universit\u00e4t Potsdam in der Regelstudienzeit. Die Referendarzeit mit Ausbildungsstationen am Landgericht Potsdam, Verwaltungsgericht Potsdam, Stadtverwaltung und Staatsanwaltschaft Potdam schlo\u00df sich direkt an das Studium an, soda\u00df er noch mit 29 Jahren die Anwaltszulassung vom Landgerichtspr\u00e4didenten Potsdam erhielt.<\/span><\/p>\n<\/div>\n<div class=\"right_col\">\n<p><span style=\"font-family: helvetica, arial, sans-serif; font-size: 12pt; color: #000000;\">F\u00fcr den Rechtsunkundigen sei angemerkt, da\u00df in Deutschland jemand nur dann die Zulassung zur Anwaltschaft erh\u00e4lt, wenn er mit Abschlu\u00df der Referndarzeit erfolgreich das II. Juristische Staatsexamen erwirbt und damit die sogenannte Bef\u00e4higung zum Richteramt. Alle Richter, Staatsanw\u00e4lte und Rechtsanw\u00e4lte sind identisch qualifiziert, sind also von der Ausbildung her weder besser noch schlechter.<\/span><\/p>\n<p><span style=\"font-family: helvetica, arial, sans-serif; font-size: 12pt; color: #000000;\">Die Kanzlei befindet sich in einem 1760 erbauten Haus in der J\u00e4gervorstadt, einem Stadtteil von Potsdam. Es wurde im Zuge der sogenannten zweiten barocken Stadterweiterung errichtet und von mir am Anfang des neuen Jahrtausends erworben und gr\u00fcndlich saniert. Dabei wurde besonders darauf geachtet, dass Tradition und Moderne harmonisieren und zusammenwirken.<\/span><\/p>\n<\/div>\n","protected":false},"excerpt":{"rendered":"<p>Seine Mutter schenkte ihm 1967 das Leben. Gordon Kr\u00e4mer ist diesseits der Elbe geboren. Vor dem sp\u00e4teren Wehrdienst und dem Studium der Rechtswissenschaften, hat er einen Beruf gelernt und die Hochschulreife erworben. S\u00e4mtliche Schritte ist Gordon Kr\u00e4mer ohne Pause zu &hellip; <a href=\"https:\/\/kanzleik2.de\/Kanzlei\/die-kanzlei\/gordon-kraemer\/\">Weiterlesen <span class=\"meta-nav\">&rarr;<\/span><\/a><\/p>\n","protected":false},"author":1,"featured_media":0,"parent":11,"menu_order":0,"comment_status":"closed","ping_status":"closed","template":"onecolumn-page.php","meta":{"footnotes":""},"class_list":["post-13","page","type-page","status-publish","hentry"],"_links":{"self":[{"href":"https:\/\/kanzleik2.de\/Kanzlei\/wp-json\/wp\/v2\/pages\/13","targetHints":{"allow":["GET"]}}],"collection":[{"href":"https:\/\/kanzleik2.de\/Kanzlei\/wp-json\/wp\/v2\/pages"}],"about":[{"href":"https:\/\/kanzleik2.de\/Kanzlei\/wp-json\/wp\/v2\/types\/page"}],"author":[{"embeddable":true,"href":"https:\/\/kanzleik2.de\/Kanzlei\/wp-json\/wp\/v2\/users\/1"}],"replies":[{"embeddable":true,"href":"https:\/\/kanzleik2.de\/Kanzlei\/wp-json\/wp\/v2\/comments?post=13"}],"version-history":[{"count":2,"href":"https:\/\/kanzleik2.de\/Kanzlei\/wp-json\/wp\/v2\/pages\/13\/revisions"}],"predecessor-version":[{"id":43,"href":"https:\/\/kanzleik2.de\/Kanzlei\/wp-json\/wp\/v2\/pages\/13\/revisions\/43"}],"up":[{"embeddable":true,"href":"https:\/\/kanzleik2.de\/Kanzlei\/wp-json\/wp\/v2\/pages\/11"}],"wp:attachment":[{"href":"https:\/\/kanzleik2.de\/Kanzlei\/wp-json\/wp\/v2\/media?parent=13"}],"curies":[{"name":"wp","href":"https:\/\/api.w.org\/{rel}","templated":true}]}}